) = 24 - 14 - 20*p - 11 + 71*p. Let l be q(1). Suppose 4*m - h + l = 6*m, -4*h + 70 = 3*m. What is the tens digit of m?
2
Let o(x) = -3*x - 6. Let l(s) = 3*s - 27. Let h be l(6). What is the tens digit of o(h)?
2
Suppose 2*i + 5 = 15. Suppose -5*t = -5*v + 95, -5*v - 2*t = -i*t - 91. Let j = -3 + v. What is the tens digit of j?
1
Suppose 0 = 5*u - 7178 - 7952. What is the units digit of u?
6
Suppose q + g - 582 = -q, 0 = 2*g + 8. Suppose 81 = 4*o + q. Let d = o - -90. What is the units digit of d?
7
Let u = 38 + -31. Let r(b) = b**2 + b - 13. What is the units digit of r(u)?
3
Let n be -6*4/20*(-20)/12. Suppose -q = 3*m - 267, 3*q + 178 = 2*m - n*q. What is the units digit of m?
9
Let s = -15 + 19. Let t be (-1 - (2 - 4))*s. What is the units digit of 124/(-6)*(-6)/t?
1
Let h be -10*(-5 + (2 - 1)). Suppose 127*t - 114*t - 338 = 0. Let f = h - t. What is the tens digit of f?
1
Suppose 5*s + 3 = -12, 5*s = -2*c - 7. What is the hundreds digit of (321/6)/((2/c)/1)?
1
Suppose 0*s = 2*s - 5*w - 10, 3*w + 6 = -s. Let x = s + 1. What is the units digit of (0 + (3 - x))*1?
2
Let b = 14 - 1. Let k be 1*5 - (-14 + b). Suppose 0 = 2*f - k*f + 52. What is the tens digit of f?
1
Suppose 3*d - 2*d = -8. Let y = 17 + d. Suppose 3*r = -y + 153. What is the units digit of r?
8
Suppose 5*m - 5*b - 554 = 3*m, -m = 2*b - 259. What is the hundreds digit of m?
2
Let d = 113 + -69. What is the units digit of d?
4
Let j(p) = -3*p - 2. Let q be j(-1). Let h be (344/(-4))/((-2)/q). Suppose -4*i = -0*o + 5*o - 87, 2*i - h = -3*o. What is the tens digit of i?
2
Suppose -261*m = -274*m - 312. Suppose 0 = -0*u + 2*u + 6, 5*u = -v + 14. Let b = v + m. What is the units digit of b?
5
Suppose 13 = 2*k + 21. What is the tens digit of 24 - (3 - 2)*k?
2
Suppose 0 = -3*k - 0*b - b + 14, -4*k - 4*b + 24 = 0. Suppose 3*o = k*o - 152. Suppose -16*q - o = -20*q. What is the units digit of q?
8
Let i = 3705 + -1177. What is the hundreds digit of i?
5
Let z = 174 + 2. What is the hundreds digit of z?
1
Suppose -4838 = -2*l + 4*r, 0*l + 7251 = 3*l - 4*r. What is the units digit of l?
3
Suppose 0 = 5*c + 7*y - 5*y + 412, 2*c + y + 164 = 0. What is the tens digit of (-1)/3 + 0 + (-14224)/c?
6
What is the tens digit of 45584/48 - (-1)/3?
5
Let q be 22*-1 - (-2 - 2). What is the tens digit of (-1 + (-8)/(-6))/(q/(-10638))?
9
Let h(j) = -92*j + 1072. What is the tens digit of h(-28)?
4
Suppose -3*s + 8 = 2. Let g be 1/(s*(-4)/(-40)). Suppose 0*f + 2*y + 158 = 4*f, 0 = -3*f - g*y + 125. What is the tens digit of f?
4
Suppose 0 = 5*q + 4*u - 2134, -4*q + 4*u + 2166 = q. What is the tens digit of q?
3
Let w = -84 + 109. Suppose 5*a + 248 = 3*c, -2*a = 3*a - w. What is the tens digit of c?
9
Suppose -4*a + 5*i + 7539 = 0, -a = i - 632 - 1264. What is the thousands digit of a?
1
Suppose -5*h = -10*h + 2*l + 7480, -2*l + 10 = 0. What is the tens digit of h?
9
Let t(z) = -z**3 - 6*z**2 + 5*z - 12. Let s be t(-7). Let r(h) = -43*h + s + 2 + 40*h. What is the units digit of r(-10)?
4
Let f be ((-24)/(-42))/((-2)/(-21)). Suppose -f*z = -7*z + 94. What is the tens digit of z?
9
Suppose 2*g + 144 = 10*g. What is the units digit of g*((-6)/(-9) - (-19)/3)?
6
Let a(q) = q**3 - 3*q**2 - 6*q - 6. Let n be a(-4). Let s = -23 - n. What is the units digit of s?
1
Suppose 8*x + 248 = 8. Let s(u) = -47*u. Let w be s(1). Let t = x - w. What is the tens digit of t?
1
Let c be (-6 - -3)/3 + 145. Let b = c + -88. What is the tens digit of b?
5
Suppose 1305 = 5*v + 5*x, -5*v + 3*v + 524 = x. Suppose -4*b + 3*k + v = 0, -4*b = -3*b + 2*k - 63. What is the units digit of b?
5
Let r = -17 + 19. What is the tens digit of (-11)/r*6/(-3)?
1
Let l(k) = -18*k + 4. Let f(n) = n**3 + 9*n**2 + 9*n + 5. Suppose 6*x = -52 + 4. Let h be f(x). What is the units digit of l(h)?
8
What is the tens digit of 1/(5/1683) - 4/(-10)?
3
Let c(x) = -18 + 2*x**2 - 7*x**2 - 10*x**2 + 2*x**2 + x**3 + 4*x. Suppose 3*k = 2*g - 17, -3*g = -k - 0*k - 36. What is the tens digit of c(g)?
3
Suppose -2*m - z = -3*m - 3, 5*z = 4*m + 14. What is the tens digit of 5*(m*(57 - -4))/(-1)?
0
Suppose 5*q - 100 = 5*b, -92 = -3*q + 2*b - 32. Let x = q + -20. Suppose u + 19 - 70 = h, -h - 2 = x. What is the tens digit of u?
4
Let o(z) = -4*z**3 - 7*z**2 + 3*z + 14. Let c = -7 + 4. Let t(n) = 3*n**3 + 6*n**2 - 4*n - 14. Let b(p) = c*t(p) - 2*o(p). What is the units digit of b(-5)?
9
What is the hundreds digit of 6/33 + (-285624)/(-132)?
1
Suppose 7*t - 2*t = 30. What is the tens digit of ((-44)/(-8) - t)*(-121 + -1)?
6
What is the units digit of 2/(-8) + (-189)/(-4)?
7
What is the units digit of 19/((-95)/(-3480)) + -2?
4
Let k be (7 - -2) + -13 + 9. Suppose -k*l - 6*l = -715. What is the tens digit of l?
6
Let z(b) = -b**3 + 3*b**2 - b + 7. Let c = 11 - 13. Let q be 6*(c/(-4))/1. What is the units digit of z(q)?
4
Suppose -s + 17 = 5*u + 2, -4*u - 5*s = -33. Suppose -8 = 2*m, m + 3*m = u*y + 16. What is the units digit of ((-92)/y)/(2/8)?
3
Let t = 21 + -11. Let l be (t/4)/(3/6). Suppose 24 - 4 = l*g. What is the units digit of g?
4
Let z = 7 + -23. Let k = z + 18. Suppose k*y - 4*n = -0*n + 72, 0 = -5*y + 2*n + 140. What is the units digit of y?
6
Suppose -5*f + 2*v - 12 = 5*v, 2*f - 3*v = 12. Let c be (-3)/(-1 + f) - 1. Suppose 4*m - 85 = y, -c*y + 5*y = 4*m - 79. What is the tens digit of m?
2
Let x(k) = -32*k - 2. What is the tens digit of x(-11)?
5
Suppose 0 = 4*f + j - 131, -5 = 2*j - j. Suppose 3*t = t + f. Let l = -3 + t. What is the units digit of l?
4
Let t(d) = 7*d**2 - d + 7. Let s be t(-5). Let j = 263 - s. What is the units digit of j?
6
Suppose -6*r + r - 5 = 0. Let t be ((-3)/2)/(r/44). What is the tens digit of (-8)/44 - (-3972)/t?
6
Suppose 0*z = 2*z - h + 122, 0 = -4*z - h - 256. Let l = -24 - z. What is the tens digit of l?
3
Suppose -a - 308 = -2*c, 2*c - 3*a - 276 = 24. Let h = c - 101. Let g = -27 + h. What is the units digit of g?
8
Let d(o) = -o**3 - 2*o**2 + 5*o - 3. Let k be d(-4). Let v = 16 + k. What is the tens digit of v?
2
Let o(c) = c**3 + 17*c**2 + 2*c - 36. Let n(f) = -3*f + 44. Let l be n(20). What is the units digit of o(l)?
8
Let f = -712 + 1744. What is the tens digit of f?
3
Suppose 5 + 7 = 6*s. Let h be 82/6 - s/(-6). What is the tens digit of 728/h + (-3)/(-1)?
5
Let w be (12/15)/(-2 + (-24)/(-15)). What is the tens digit of (-1*276)/(3/w)?
8
Suppose -5*c - 4*b = -3*c - 224, 3*b + 318 = 3*c. What is the hundreds digit of c?
1
Let k = -307 - 95. What is the tens digit of k/(-3)*1*(2 + -1)?
3
Let f = 149 + 466. What is the units digit of f?
5
Let i(m) = -m**3 + 15*m**2 + 17*m - 43. What is the units digit of i(15)?
2
Suppose 220*y - 205*y = 33405. What is the units digit of y?
7
Suppose 0 = -3*m + 705 + 1098. What is the units digit of m?
1
Let m = 983 - 580. What is the hundreds digit of m?
4
Suppose -n + 15 = -5*m, -4*n + m - 5*m = -12. Suppose -5*k + 5*l + 160 = 0, 145 + 55 = n*k + 5*l. What is the tens digit of k?
3
Let b = 203 - -64. Let g = -186 + b. What is the units digit of g?
1
Let k(i) = -i + 3. Let d be k(1). Let p(l) = -l**2 + 2*l**d + 2*l + 3 - 2*l**3 - 5*l**2. What is the tens digit of p(-4)?
5
Let a(o) = -59*o + 1. Let x be a(-1). Suppose 0 = -5*l - 3*d + 4 + 34, -4*l + x = -5*d. What is the units digit of 5/l*(49 + -1)?
4
Suppose -9 = -5*u - b, -4*u + 6 = 3*b - b. Suppose 4 = -o - i + 3*i, o + u*i - 8 = 0. What is the units digit of o?
2
What is the tens digit of ((-384)/10)/(28/(-840))?
5
Let i(y) = 7*y + 58. Let p be i(-17). Let j = p + 176. What is the units digit of j?
5
Let w be -3*((-365)/(-75) + (-2)/10). What is the tens digit of (-109)/(-3) - w/(-42)?
3
Let c(q) = -20*q**3 - 13*q**2 - 35*q - 8. What is the thousands digit of c(-6)?
4
Suppose -11*p + 13*p - 4 = 0, 0 = -s - 3*p + 392. What is the tens digit of s?
8
Suppose a + 3*y - 16 = 0, 4 = -a - 0*y + 2*y. Let m = a + -4. Suppose m = -0*v + 3*v - 54. What is the units digit of v?
8
Let o = 5213 - 2183. What is the thousands digit of o?
3
Suppose 10719 = -23*u + 51613. What is the units digit of u?
8
Suppose -z - z - 36 = 0. Let r = z - -6. What is the tens digit of 87*(-4 + (-52)/r)?
2
Let x = -763 - -1341. What is the tens digit of x?
7
Suppose 0 = -j - n - 8, -3*j - 6 = n - 4*n. Let x be ((-6)/j)/((-4)/20). Let b(a) = -4*a - 1. What is the 